Let t = -39 - -24. Is h/t + (-4)/10 a composite number?
False
Suppose -5*b = -5*w + 4*w + 236, -1258 = -5*w - b. Is w composite?
False
Let m be ((-6)/18)/(2/(-18)). Is 430/m - 7/21 a prime number?
False
Suppose 1123 = -3*o + 5*v, -3*o - 601 - 562 = 5*v. Is (6/(-9))/(2/o) prime?
True
Let y(m) = 2*m**3 - 2*m**2 - m - 2. Let q be y(2). Suppose 0 = -q*w + 56 + 16. Suppose -a = w - 83. Is a composite?
True
Let r = 9 - 7. Suppose -33 = r*c - 3*c. Is c a composite number?
True
Suppose s + 3822 = u - 0*s, 0 = 4*u - 2*s - 15278. Is u a composite number?
True
Let n = 7 - -78. Is n composite?
True
Let u be -1 - 1 - (1 - -2). Let t be 3 + -1 - (10 + u). Is 422*(t + 14/4) a composite number?
False
Let y(v) = -4*v - 7. Let s(d) = 3*d + 8. Let i(j) = 4*s(j) + 5*y(j). Is i(-2) a prime number?
True
Let a be 8/6*6/4. Suppose -3*h + a*w = 6, 0*h - h + 4*w - 12 = 0. Suppose -3*c + 0*r - r = -43, -4*c - 3*r + 64 = h. Is c a composite number?
False
Suppose 0 = -5*p - 2*s + 31711, -6*p = -11*p + 3*s + 31696. Is p prime?
False
Suppose -3*f - 4*k + 60 = -107, -k = -f + 51. Let c = f + -38. Is c a prime number?
False
Suppose -u = 2*v + 2, -u + 2 = -2*u + 2*v. Is 52 + u/(1*-2) composite?
False
Let n(x) = x. Let d(s) = -129*s + 1. Let w(k) = d(k) + 3*n(k). Is w(-1) prime?
True
Suppose 52 = -3*k - 47. Let p = k + 70. Is p composite?
False
Suppose -3*l - 28 = -7. Let q(d) be the first derivative of d**3/3 + 2*d**2 - 10*d + 4. Is q(l) prime?
True
Is (0 + -1)*(-27 + 8) a prime number?
True
Suppose 5*t + 6*g = g + 50, t - g = 0. Let o(x) = 4*x**2 - 3*x. Let f be o(t). Suppose 0*a + f = a. Is a a prime number?
False
Let f be (-1)/(-3) + 1068/9. Suppose -5*n + 3*y = -382, y - 25 = -2*n + f. Is n a prime number?
False
Let z = -1 - 2. Let j(u) = 2 - 89*u - 11 + 7. Is j(z) a prime number?
False
Suppose 4*r = 8, v + 2*r - 7 = -0. Let b(d) = 26*d**2 + 3*d - 6. Is b(v) a prime number?
False
Let x be -45 + (-2)/(-2)*1. Let r be x/(-6) - 6/(-9). Suppose 0 = 6*h - h + 4*m - 1677, -r = 4*m. Is h prime?
True
Let j = -5 - -9. Suppose -10 + 246 = j*u. Is u composite?
False
Suppose 0 = -5*n + 29307 - 6392. Is n composite?
False
Suppose -4*u + 3*n + 51 = 0, u + 3*n = 4*n + 12. Is u*3/((-9)/(-5)) prime?
False
Let l be 3/(-2) - (-5)/2. Is (30 - l)/((-6)/(-12)) composite?
True
Let r(t) = t**3 + 19*t**2 - 6*t + 53. Is r(-9) a composite number?
True
Let u(c) = 21*c**2. Suppose -5 = -0*o - 5*o. Is u(o) prime?
False
Suppose 25 = 5*h, 2*m + 2*h - 66 = -0*m. Suppose m = x - 5. Is x a prime number?
False
Let f = 1313 - 414. Suppose f = 5*y - 146. Is y prime?
False
Suppose 3*h - h - 2174 = 0. Is h a prime number?
True
Is (-3 - (2 - (2 + -1))) + 2235 composite?
True
Let v be ((-6)/(-5))/(4/(-10)). Is (1 + v)/2 + 35 prime?
False
Let m = 22 - 10. Let g be (1*m)/((-4)/(-10)). Suppose f + 2*f = g. Is f prime?
False
Let o(l) = l**3 + 5*l**2 + l + 5. Let d be o(-5). Let z(v) = -v + 31. Is z(d) composite?
False
Suppose -10*i + 1255 = -5*i. Is i a composite number?
False
Let g = -2 + -1. Let u = g - -3. Suppose 0 = -f - 4*y + 5, -2*f + y - 2 + 30 = u. Is f composite?
False
Let i(n) = 2*n**2 - 3*n. Let k be i(2). Suppose -u = -7 + 6. Is 5*(u + k)/1 prime?
False
Let h = -291 + 1462. Is h a prime number?
True
Suppose 2*a + 0*a = 10. Suppose -a*j = 2*z - 5*z + 33, -4*z + 49 = -5*j. Suppose -2*d = t - 75, -2*d + z + 34 = -4*t. Is d prime?
False
Let r(n) = 122*n**2 + 2*n + 3. Is r(-2) a composite number?
False
Suppose 0 = -6*f + 2*f - 640. Is (f - -1)/(-3) + 0 a composite number?
False
Let t(b) = -2 - 3 + 6*b - 15*b. Suppose 2*k = k - 8. Is t(k) a composite number?
False
Let z(b) = -517*b**3. Is z(-1) a composite number?
True
Let m = 343 + -104. Is m composite?
False
Let s(y) be the third derivative of y**5/60 - y**4/24 + 635*y**3/6 - 3*y**2. Is s(0) prime?
False
Let d = -83 - -98. Is d composite?
True
Suppose 3*b = -0*f + 2*f + 499, 0 = -2*b - f + 321. Is b a composite number?
False
Suppose 7 = q - 2*q + 2*r, 5*q = 5*r - 15. Is q/(-3) - (-158)/6 a prime number?
False
Suppose 5*v = 2*v + 3. Let n be 10/(1 + v) - 2. Is 132/8*14/n composite?
True
Let j(a) = a**2 - 2*a - 8. Let c be j(4). Suppose -2*d + f + 238 = c, 3*f = -d + f + 119. Is d a composite number?
True
Is (0 - 1)/(-2)*236 prime?
False
Let i(t) = 7*t**2 - t. Let z = 4 - 1. Let g be i(z). Let q = g + -1. Is q prime?
True
Let j = 11 + -6. Suppose j*q - 2*z - 100 = 0, -77 = -4*q + 4*z - 9. Is q composite?
True
Let m = 324 + 181. Is m prime?
False
Let q(p) = 13*p**3 + 4*p**2 + 4*p + 7. Is q(4) prime?
True
Let d be 6/21 - 10/(-14). Suppose -d = 5*f - 6. Is (-345)/(-3)*f + 0 a prime number?
False
Let a be ((-4)/(-6))/(4/30). Suppose -g + a = -0*g. Suppose 0 = s + g - 38. Is s prime?
False
Let d = 737 + -436. Is d prime?
False
Suppose 0 = 7*h - 3*h - 44. Is h composite?
False
Let p = -10 - -27. Suppose 2 + p = k. Is k a prime number?
True
Let c(n) = 5*n**2 - 2*n + 8. Let f be c(-7). Let x = -122 + f. Is x a composite number?
True
Let l(u) = -3*u. Let j be l(1). Suppose 2*n + n = 15. Is n*(-4 + j)*-1 a composite number?
True
Let h(d) = 21*d**2 - d - 1. Let w be 1/((-11)/(-5) + -2). Suppose 2 - 9 = 4*p - 5*x, w*p - 2*x = -13. Is h(p) composite?
False
Suppose -3*y + 30 = -2*y. Suppose 1116 = 5*d - d. Is (10/y)/(1/d) composite?
True
Suppose 4*h - 835 + 95 = 0. Is h a prime number?
False
Let c(w) = w**2 - 3*w + 2. Let q be c(3). Suppose q = -u + 6. Suppose -2*i + 66 = -5*y, 3*i - u*y - 90 - 9 = 0. Is i a composite number?
True
Let n(o) = 114*o**3 + 2*o**2 - o. Is n(1) prime?
False
Let v(o) = -93*o**2 - 2*o + 1. Let w be v(1). Is w/(-6)*(0 + 3) prime?
True
Suppose -u = -183 - 374. Is u a prime number?
True
Let k = 128 - -543. Is k prime?
False
Suppose -5*l + 2*g = -2*g - 5277, -2*g = 5*l - 5289. Is l a composite number?
True
Suppose 3*w - 74 = w. Is w a composite number?
False
Let b = 7 - -23. Let r be b/1 - (0 + -1). Let a = r - -18. Is a composite?
True
Let x(y) = -y + 1. Let w be x(0). Let v = 1 - w. Is -1 + v + 342/3 prime?
True
Let t(l) be the third derivative of l**5/30 + l**4/3 - 5*l**3/6 + 3*l**2. Is t(-7) a composite number?
False
Let x = 385 + -92. Is x a composite number?
False
Suppose -5 = -0*m - 5*m. Suppose 0 = -0*h - h + m. Is 112 + 0 + h - 2 prime?
False
Let y = 3 + 0. Suppose 13 - 4 = y*w. Is w prime?
True
Suppose 53 = -u + 2*u. Is u composite?
False
Suppose 3*i - i - 4 = 0. Suppose -7*g + i*g + 4*r = -24, 0 = g - r - 5. Suppose -3*y - g*q = -3*q - 45, 5*y + 2*q = 75. Is y a composite number?
True
Let i(z) = 6*z**2 - 19*z - 12. Is i(-15) a prime number?
False
Let c(m) = 3*m**2 - 4*m + 3. Let o be c(3). Let k = o - 3. Is k a composite number?
True
Let h = -1 + 2. Suppose 2*x - h - 1 = -4*f, -1 = f. Is x composite?
False
Let x(o) = 3*o - 4. Let j be x(3). Suppose -j*s - 281 + 81 = 0. Let n = s - -129. Is n a composite number?
False
Let q = 17 - 11. Suppose -5*k - 3*g = -2*g - 9, -2*g + q = 4*k. Suppose 2*f - 76 = -k*a, -a + 33 = -6*f + 2*f. Is a composite?
False
Suppose -2847 = -8*i + 2681. Is i a prime number?
True
Suppose 4*a - 2 - 14 = 0. Suppose -v - a*v = -4*b + 311, 0 = -5*b + 3*v + 392. Is b prime?
True
Let s be 1074/10 - 2/5. Suppose 3*g - 9 = -3*t + 3, 4*g = 0. Suppose 5*b - s = t*d, 5*d + 40 = 2*b - 13. Is b a composite number?
False
Let q(k) = -4*k + 3. Let a be q(3). Let u(g) = -2*g. Let d be u(-5). Let z = d - a. Is z prime?
True
Is 414/22 - 6/(-33) a prime number?
True
Suppose 2073 = 2*v + v. Is v composite?
False
Suppose 5*l - 27 = 4*p + 2141, p + 5*l = -542. Let w = p - -765. Is w composite?
False
Suppose 3*y = -y + 12. Suppose x = 7*v - 2*v + 88, -y*v = -3*x + 252. Is x composite?
False
Suppose -3*o - 2*o = -20. Suppose -5*t + o = -t. Let x = 34 - t. Is x prime?
False
Let a be -2*((-4)/2 + 1). Suppose -a*l = -3*l + 85. Is l a prime number?
False
Let v be (4/(-6))/((-4)/(-78)). Let r = v - -78. Is r prime?
False
Suppose -4*o + 3*o + 865 = 0. Suppose u + o = 6*u. Suppose 0 = -4*i + 3*r + u, 5*i - 215 = -2*r + 6*r. Is i prime?
True
Suppose -5*p - 566 = -18291. Is p a composite number?
True
Let x(j) = -5*j**3 - 5*j**2 + 11*j - 2. Let t(s) = -4*s**3 - 5*s**2 + 10*s - 3. Let d(c) = 6*t(c) - 5*x(c). Let w = 1 + 5. Is d(w) composite?
True
Suppose 3*t + 1 = 2*j, -5*t + 13 = 2*j - 4*t. Suppose j*i - 80 - 75 = 0. Is i a prime number?
True
Let c(w